 m = 0, -23 = -4*k + 5*f - 0*f. Calculate the remainder when k is divided by (0 - -4)/(-1 - -2).
3
Let t(d) = 3*d**3 - 32*d**2 - 4*d + 16. Let m(a) = a**3 - 11*a**2 - a + 5. Let y(k) = 11*m(k) - 4*t(k). What is the remainder when 77 is divided by y(7)?
25
What is the remainder when 16 is divided by 0/(-1) + 4 - 1?
1
Suppose -16 = 2*h - 4*l, 3*h - 5*l + 1 + 19 = 0. Suppose h = 3*u + u - 24. Calculate the remainder when 16 is divided by u.
4
Let a(p) = -p**2 + 9*p - 4. Let l be a(8). Suppose 36 = 5*m + l*z - 24, -5*m + 5*z + 15 = 0. What is the remainder when 14 is divided by m?
6
Let q(p) = p + 3. Suppose -3*u + u = -4. Let s = 1 + u. Calculate the remainder when q(4) is divided by s.
1
Suppose 2*f - 1 = s + 5, 3*f - 4 = 4*s. Calculate the remainder when 12 is divided by f.
0
Let l = 20 + -11. Suppose 4*g = -k + 13, k + 5*g - 46 = -2*k. What is the remainder when k is divided by l?
8
Let y = -241 + 383. Let x be (-4)/(-24) + y/12. Calculate the remainder when 13 is divided by 4/x*(-21)/(-1).
6
Suppose 4*v + 4*h - 280 = 0, 0 = -h - 1. Let o = 48 + -30. What is the remainder when v is divided by o?
17
Let h(p) = 3*p**2 + 3. Let m(l) = -l**3 + 5*l**2 + 2*l + 3. Let k be (-3)/18 - (-93)/18. Calculate the remainder when h(4) is divided by m(k).
12
Suppose x - 3*x = 8, -5*i + 3*x + 92 = 0. Suppose -i + 1 = -5*c. What is the remainder when 13 is divided by c?
1
Suppose -2*w - 4 = -12. Suppose 3*p = 4*q - 23, q + w*q - 27 = 2*p. Let c = p + 11. Calculate the remainder when 18 is divided by c.
8
Let q(o) = -16*o + 21. What is the remainder when q(-4) is divided by 29?
27
Suppose 0 = 5*r - 4*r - 6. Calculate the remainder when r is divided by 2.
0
Suppose 0 = 5*t + 43 - 98. What is the remainder when t is divided by 6?
5
Suppose -q = -5*f - 20, -q - 32 = -4*q + f. Suppose z + 2*d = 35, z - d - 26 = -3. Calculate the remainder when z is divided by q.
7
Let b = 13 - 4. Suppose 2*a + a = b. Calculate the remainder when 6 is divided by a.
0
Let w = -1 + 0. Let h(f) = -10*f + 1. Let m = -16 - -22. Calculate the remainder when h(w) is divided by m.
5
Suppose -5*j + 118 = -82. Let u be (18/12)/((-2)/(-4)). Suppose -2*y = u*y - j. What is the remainder when 22 is divided by y?
6
Let v(a) = -a - 2. What is the remainder when v(-5) is divided by 4/(-6) + 40/15?
1
Let p(z) = -35*z. Suppose -54 = -26*q + 23*q. What is the remainder when p(-1) is divided by q?
17
Suppose 2*k - n - 53 = -0*k, -3*k + 78 = -2*n. Calculate the remainder when 108 is divided by k.
24
What is the remainder when 43 is divided by 2 - -1 - (2 - 8)?
7
Suppose -2*y - 3*y = -15. Suppose 3*o - 135 = y. What is the remainder when o is divided by 16?
14
Let b(i) = -i**2 - 13*i + 16. Calculate the remainder when 60 is divided by b(-13).
12
Let h be (-24)/(-108) + 34/9. Suppose -h*y + 55 = y. Let z = -11 - -42. Calculate the remainder when z is divided by y.
9
Suppose -2*g + 5*t + 15 = 0, -3*g + 4*t + 9 = -17. What is the remainder when g is divided by 4?
2
Let q(j) = -j. Let v be q(2). What is the remainder when (v - -1 - -1) + 31 is divided by 11?
9
What is the remainder when 201 is divided by (-4)/16 - 98/(-8)?
9
Let w(d) = d + 19. What is the remainder when 112 is divided by w(0)?
17
Let n(i) = -i - 3*i + 8 + 2*i + 0. Calculate the remainder when 42 is divided by n(-7).
20
Suppose m + 94 = -2*y - m, 0 = -m + 5. Let q = 92 + y. Calculate the remainder when q is divided by 21.
19
What is the remainder when (24/(11 - 5))/((-4)/(-18)) is divided by 5?
3
Let v(i) = -13*i - 3. Let u(s) = -s**3 + s**2 - 6*s - 5. What is the remainder when v(-3) is divided by u(-2)?
17
Suppose -4*l + 69 = 2*s - 3, -5*s = 5*l - 85. What is the remainder when 55 is divided by l?
17
Let v(o) = -o**2 + o + 6. Let f be v(0). Suppose -2*z - 6 = 4*d, f*z + 2*d = 3*z + 3. Calculate the remainder when 4 is divided by z.
1
Let u = 3 + 6. What is the remainder when 60*(2 - u/6) is divided by 17?
13
Suppose y = -5*w + 320, -y = -3*w + 64 + 136. Suppose 0 = 3*d + 40 + w. Let u = -21 - d. Calculate the remainder when 27 is divided by u.
13
Suppose -196*t + 6 = -194*t. Let x(r) be the second derivative of r**3/3 - 2*r**2 + r. What is the remainder when x(4) is divided by t?
1
Let x(u) = u**2 - 10*u + 4. Let f be x(13). Suppose -f = -5*k - 8. Calculate the remainder when k is divided by 4.
3
Let g(y) = 0*y**3 - 7*y**2 - 2*y - 2*y + y**3 + 0*y**3 - 3. Calculate the remainder when 84 is divided by g(8).
26
Suppose 2*w + 4*j - 58 = 0, -2*w + 3*j + 0 + 44 = 0. What is the remainder when w is divided by 13?
12
What is the remainder when 96/4 + 0 + -2 is divided by 6?
4
Suppose 3*h - 2*h = 5*y + 12, 2*h = y + 33. Calculate the remainder when 46 is divided by h.
12
Suppose -p - 4*x + 6 = -21, 0 = 2*p - x - 81. What is the remainder when p is divided by 20?
19
Let n = 80 + -45. What is the remainder when n is divided by 14?
7
Let l = -52 + 85. Calculate the remainder when 62 is divided by l.
29
Let l be 1/(1/74) - 0. Let k = l + -48. Suppose -2*u = -0*u - 5*c - 23, 4*u = 4*c + 40. Calculate the remainder when k is divided by u.
8
Let o = -2 - -5. Suppose 0 = -4*k - o*g - 79 - 54, 3*g - 53 = 2*k. Let d = 47 + k. What is the remainder when d is divided by 9?
7
Let m(b) = -b**3 + 6*b**2 - 6*b + 6. Let f be m(5). Let l = f + 6. Calculate the remainder when 18 is divided by l.
4
Let o be ((-1)/2)/(3/(-126)). Suppose o = q - w + 6*w, -5*q + 5*w - 15 = 0. Calculate the remainder when 16 is divided by 5/(-5) + 9 + q.
7
Let n = 87 + -62. Let r(q) = -q**3 + 6*q**2 - 1. Let u be r(3). Let a = u + -17. Calculate the remainder when n is divided by a.
7
Let a be 6/33 + 414/22. Suppose -4*j + a = f, -2*j + 4*j = 5*f + 37. What is the remainder when 15 is divided by j?
3
Suppose 0*f + 2*f - 4 = 2*i, 10 = -2*f - 5*i. Let g(c) = f - 6*c - 8 - c. What is the remainder when g(-6) is divided by 12?
10
Suppose 3*l + 3 = 30. Let h be -8*(l/6 + -2). Suppose -5*u + h*o = -71, -o + 40 = 4*u - 0*o. What is the remainder when u is divided by 4?
3
Suppose -10 = -5*m, l + 3*m + m - 26 = 0. Let r = -63 + 68. Calculate the remainder when l is divided by r.
3
Suppose -4*h - 53 = -5*h. Let a = 46 + -28. What is the remainder when h is divided by a?
17
Suppose 6*d + 3*a = 2*d + 30, -14 = -4*d + 5*a. Suppose -2*n = d, 0 = -0*s - s + n + 2. Let m = s + 5. Calculate the remainder when 15 is divided by m.
3
Calculate the remainder when 5 is divided by 4/(-3)*(-18)/8.
2
Let w(i) = i**3 - 6*i**2 + 5*i + 2. Let p be w(5). Suppose 2*m - p = 0, 3*l + 4*m + 26 = 8*l. What is the remainder when 22 is divided by l?
4
Let w(l) = -l**2 - 3*l - 1. Let g be w(-3). Calculate the remainder when 34 + -2 + g - -3 is divided by 9.
7
Suppose -3*i = -5*p - 28 + 75, i + 1 = -2*p. Calculate the remainder when i/(-2) + (-12)/8 is divided by 2.
1
Let q(y) = y**3 - y**2 - y - 4. Calculate the remainder when 32 is divided by q(3).
10
Suppose 3*r + r - 12 = 0, 0 = v - r - 16. Calculate the remainder when 54 is divided by v.
16
Let w = -56 - -81. Calculate the remainder when 97 is divided by w.
22
Let r(b) = -4*b + 2. Let j be r(5). Let y = j + 31. Calculate the remainder when y is divided by (-11)/33 + (-13)/(-3).
1
Let h = 84 + -39. Calculate the remainder when h is divided by 258/21 + 2/(-7).
9
Suppose 16 = 4*a, -4*n - 5*a + 26 = -2. Calculate the remainder when 2/(-3) + 312/9 is divided by 6*(2 - 0/n).
10
Let a = -9 + 14. Suppose -4*v - 26 = -2*l, a*l - 51 = -v + 3. Suppose -2*g + 68 = 6. Calculate the remainder when g is divided by l.
9
Suppose 3*q - 3*v + 9 = 0, -5*q = v + 1 + 8. Calculate the remainder when 4 is divided by -1 + (-1 - q) + 3.
1
Suppose 4*y - 13 = 3. Let d be 0 - (-2 - -3) - 0. What is the remainder when d/(-4) + 23/4 is divided by y?
2
Let j be (-13)/7 + (-10)/70. Suppose -5*l + 2*l + 6 = 0. What is the remainder when 0 + (l + j - -21) is divided by 11?
10
Suppose 5*l + 3*k + 13 = 163, l - 53 = 4*k. What is the remainder when l is divided by 18?
15
Let x = 25 + -10. Calculate the remainder when 87 is divided by x.
12
Suppose 4*s = 4*b + 4 - 0, 4*b - 5 = s. Suppose -2*u + 4*u - 24 = 0. Suppose -2*c = -5*v - 0 - 6, c - u = -2*v. Calculate the remainder when c is divided by s.
2
Let l(x) = x**3 - 6*x**2 + 5. Suppose 4*a = a + 15. Suppose a*t + 11 - 41 = 0. What is the remainder when 14